 + -69. Let q(f) = -70*f**3 - f**2 + f - 1. Let p be q(1). Let b = p + j. List the prime factors of b.
2
Let s = -711 + 1841. Suppose l - s = -393. Suppose -6*d = 5*d - l. List the prime factors of d.
67
Let r = -5806 - -9372. What are the prime factors of r?
2, 1783
Suppose -q + 4*q = 2*s + 35, -s = -3*q + 40. Let d be 3/q + 190/50. Suppose -447 = -2*u + m - 0*m, -4*u + 900 = -d*m. What are the prime factors of u?
2, 3, 37
Suppose 4*v = n + 29395, -372*v + 2*n - 29410 = -376*v. What are the prime factors of v?
2, 3, 5, 7
Let r(j) = 7*j - 11. Let l be r(2). Suppose -3*o - l*o - 180 = 0. Let w = o + 34. What are the prime factors of w?
2
List the prime factors of 3264 - ((-56)/7 + -5).
29, 113
Suppose 2*o + 3*o = 0. Suppose 2*y - 37 - 43 = o. Let x = 35 + y. What are the prime factors of x?
3, 5
Suppose -4*m - 16 = -4*g, -3*m - 12 = -5*m - 3*g. List the prime factors of ((-47)/2 - m)*-2.
47
Let i be (0 + 1)/(2 + 3/(-2)). Let t be 6*(-26)/(-15) + i/(-5). Suppose -t = -2*m, -53 = -5*f - 5*m - 13. What are the prime factors of f?
3
Let n be (84/(-35))/(2/10). Let h be 2/n + 7/42. Suppose h = 2*j - j - 38. List the prime factors of j.
2, 19
Let s(n) = 2*n**2 + 17*n + 2098. Let z(g) = 3*g + 111. Let u be z(-37). List the prime factors of s(u).
2, 1049
Let i(g) = 5*g - 135. Let p be i(29). Let b(v) = -3 + 2*v + 1 + 17. What are the prime factors of b(p)?
5, 7
Let s = 102 - 96. What are the prime factors of 397 + s + 0 + -1?
2, 3, 67
Let j(n) = -7*n**2 - 6*n + 10. Let v(s) = 0 - 4356*s**2 - 1 + 4357*s**2. Let z(h) = -j(h) - 4*v(h). What are the prime factors of z(6)?
2, 3, 23
Suppose -5*v = -13*v. Suppose h - 4*u + 9*u = -166, -5*h - 5*u - 910 = v. What are the prime factors of 4*h/(-36) - 1/(-3)?
3, 7
Suppose -3004 + 784 = -5*k. Suppose 141*l - 138*l = k. List the prime factors of l.
2, 37
Let z(p) = -p**3 - 4*p**2 + 20*p - 7. Let k be z(-7). Suppose k = -d - 4, -2*h - 4*d + 118 = -d. What are the prime factors of h?
5, 13
Let w = 188 - 167. Suppose 6*m - 33 = w. What are the prime factors of m?
3
Suppose -5*g = -2*u + 4141, 4 = -5*u + 19. Let f = 1490 + g. What are the prime factors of f?
3, 13, 17
Let z = 2036 + 673. Let b = z - 1647. Suppose 2943 - b = 9*y. List the prime factors of y.
11, 19
Suppose 0 = 17*h - 278022 - 127501 - 137372. List the prime factors of h.
3, 5, 2129
Suppose -6*r - 5*c - 115 = -3*r, -r - 5 = -5*c. Let k be -3*(-5)/r*0. Let y(n) = 2*n + 77. What are the prime factors of y(k)?
7, 11
Let m(u) = 239*u**3 - 4*u + 4. Let x(i) = -2*i**3 + i**2 + i - 1. Let a be x(-1). What are the prime factors of m(a)?
239
Suppose 15*m = 2363 + 37312. What are the prime factors of m?
5, 23
Suppose 7*n + 6978 + 10494 = 0. Let h be n/(-24) - 1*2. Suppose z = 3*z - h. What are the prime factors of z?
3, 17
Let b(f) be the second derivative of 3*f**3/2 + 19*f**2/2 + 23*f - 3. Let n = 9 - 5. What are the prime factors of b(n)?
5, 11
Suppose 5*y - 39 = -3*v, 4*v - 70 = -5*y - 23. Suppose 0 = 3*c - x - v, -c - 7 = -3*x + 1. What are the prime factors of 28/(-2)*2*(-5)/c?
5, 7
Suppose 12*w + 2607 = 747. Suppose -t + 114 + 129 = 0. Let f = w + t. List the prime factors of f.
2, 11
Let t = -392 + 7975. List the prime factors of t.
7583
Suppose -204*p - 532011 + 3905355 = -3153228. What are the prime factors of p?
13, 23, 107
Let p(n) = -5*n + 22. Let t be p(6). Let d be t/(2 - 4) + 2. What are the prime factors of 3 + (-4)/d*-69?
7
Suppose 4*l - 3*m - 12 - 1 = 0, 2*l - 4*m = 14. Let z(b) = 29*b**2 + 3*b - 1. Let f be z(l). Suppose f = a - 29. What are the prime factors of a?
2, 3, 5
Let t = -72 + 6971. List the prime factors of t.
6899
Suppose 2*r = 253 - 59. Let p = r - 44. Suppose 0 = -4*n - p + 165. What are the prime factors of n?
2, 7
Let g = 417 - 73. Let m = 8 - 7. What are the prime factors of (m/((-2)/g))/(-2)?
2, 43
Suppose -5*m + 5*u - 175 = 0, 115 = -5*m - 5*u - 100. Let a = m + 41. Suppose a*b - 5*b + 171 = 0. List the prime factors of b.
3, 19
Let u(x) = 2259 + 5*x + 610 - 1783. List the prime factors of u(0).
2, 3, 181
Suppose 13*b + 3*x = 9*b + 17, -3*b = 4*x - 11. Suppose 2*c = -2*u + 810, 7*u - b*u = -3*c + 815. What are the prime factors of u?
2, 5
Let k = 7994 + 2346. What are the prime factors of k?
2, 5, 11, 47
Let o(v) be the third derivative of v**6/120 + 7*v**5/30 + 13*v**4/24 - 5*v**3/3 - 36*v**2. Let y be o(-13). List the prime factors of (-665)/y + (-1)/(-2).
67
Let x(d) = 2*d**2 - 52*d - 52. Let v be x(27). List the prime factors of (-2385)/(-15) + (2/v - 5).
5, 31
Let w(p) be the second derivative of p**5/10 - 19*p**4/12 - p**3/6 - 6*p**2 - 66*p. List the prime factors of w(10).
2, 3, 13
Let d(b) be the first derivative of 8*b**2 - 4*b - 44. List the prime factors of d(4).
2, 3, 5
Let s(i) = -i**3 + i**2 + 2*i + 102. Let t be s(0). Suppose t + 743 = -5*k + 5*w, 2*w = -6. Let b = 356 + k. List the prime factors of b.
2, 23
Suppose 7*n + 926 - 13106 = 0. Suppose 3*a = 2*s + n, -a - 3*s + 486 = -83. List the prime factors of a.
2, 17
Suppose 1185 = r - q + 99, 3*r + 4*q = 3237. List the prime factors of r.
3, 19
Suppose -21*c - 15975 = -24*c - 5*o, -3*o = 4*c - 21311. List the prime factors of c.
2, 5, 13, 41
Let u(x) = x**2 - 19*x + 128. Let g be u(12). Let b = 74 - 44. Let n = g - b. List the prime factors of n.
2, 7
Let u(o) = -2*o + 28. Let l be u(9). Suppose l*p - 70 - 30 = 0. Let m = p - -16. What are the prime factors of m?
2, 13
Let t(a) = 3*a + 35. Let w be t(-11). Let f be ((-8)/6)/(w/6) - -9. Suppose -3*v + 0*v + 310 = -f*k, 5*v - 520 = 5*k. List the prime factors of v.
3, 5, 7
Let c(b) = -b**3 + 6*b**2 - 7*b + 6. Let i be c(4). Let w = -2039 - -2047. What are the prime factors of (226/w)/(i/40)?
113
Suppose -3*j = -p + 8 + 9, -3*p + j + 51 = 0. Suppose p*g - 4873 + 164 = 0. What are the prime factors of g?
277
Suppose 18*g + 126 = 20*g. Suppose -14*o - 16954 = -g*o. What are the prime factors of o?
2, 173
What are the prime factors of (-12 - 532/(-42))*((-191823)/(-6) + -1)?
21313
Suppose -12*x - 27 = -3*x. List the prime factors of x/(((-48)/1542)/8).
3, 257
Let v(x) = x**2 + 8*x - 36. Let a be v(4). Suppose 20*f - a*f = 8824. What are the prime factors of f?
1103
Suppose -5*u = 5*j - 455, 4*u + 3*j - 156 = 210. List the prime factors of (-3698)/(-11) - (3 - u/33).
2, 3, 7
Let o = 1 - 4. Let z be o/((-6)/(-14))*9 + 2. Let m = z - -94. List the prime factors of m.
3, 11
Suppose -4*s = -2*k + 2586, 11*k + 4*s = 14*k - 3873. What are the prime factors of k?
3, 11, 13
Suppose -143*c = d - 146*c - 33923, -67806 = -2*d + c. List the prime factors of d.
109, 311
Suppose 4*g = -3*w + 2038 + 11764, -8*g + 27594 = w. What are the prime factors of g?
3449
Let x(z) = 14*z - 110. Let j be x(8). Let a(y) = 85*y**3 - 2*y**2 + 4*y - 10. What are the prime factors of a(j)?
2, 5, 67
Suppose p - 17 = -3*n, 4*p + 2 = -27*n + 29*n. Suppose 3*q = p*j - 2*q - 1005, -q = -5. List the prime factors of j.
5, 103
Let a(x) = 61*x**2 - 28*x + 74. Let k be a(3). Suppose k = 5*d - 2*s, -5*s + 185 = 3*d - 126. What are the prime factors of d?
107
Let m be -1 + -1 - (128 - 133). Suppose -10*i + 15*i = 2*p - 3142, 4751 = m*p + 2*i. What are the prime factors of p?
3, 17, 31
Let r(g) = 12*g**2 - 20*g + 60. Let v be r(11). Suppose 49*t = 53*t - v. Suppose t = 5*f + 2*s - 517, -4*s + 320 = 2*f. What are the prime factors of f?
2, 5, 17
Let t = -895 + 895. Suppose t*h + q - 1063 = -2*h, -h + 5*q = -504. What are the prime factors of h?
23
Let l = 54 - 51. Suppose 4*s - l*s = 6. Suppose s*a + 3*a = 702. List the prime factors of a.
2, 3, 13
List the prime factors of ((-17368)/416)/(12305/(-2460) + 5).
3, 41, 167
Suppose 27180 = 4*y + 4*b, b = 5*y + 5*b - 33978. List the prime factors of y.
2, 3, 11, 103
Suppose 275*h + 27659 = 3*c + 276*h, 4*h = -3*c + 27665. What are the prime factors of c?
3, 7, 439
Let k be (34/2 + 0)/1. Let z(l) = 3*l + 1. Let w(r) = -7*r + 16. Let b(q) = w(q) + 3*z(q). What are the prime factors of b(k)?
53
Suppose -5*x + 5*z - 100 = 0, -3*x - 21 - 55 = 5*z. What are the prime factors of ((1463/x)/(-19))/((-1)/(-24))?
2, 3, 7
Let a(b) = 6*b + 136. Let r be a(-22). List the prime factors of (-3)/6*r*(-922)/4.
461
Suppose -2373564 - 4096380 + 688168 = -104*v. What are the prime factors of v?
2, 7, 11, 19
Let q = -16711 + 43334. 